visor of k and u.
7
Let v be 2/(-1*2/(-4)). Let y(o) be the second derivative of 5*o**3/6 - 3*o**2 + 2*o. Let c be y(v). What is the greatest common factor of c and 14?
14
Let q(f) = -f**3 + f + 6. Let p be q(-5). Suppose 3*o - 39 - 3 = 0. Calculate the greatest common factor of o and p.
14
Suppose 437 = 4*a - 3*b, -5*a + 0*a + 546 = -4*b. What is the greatest common divisor of a and 22?
22
Suppose 0 = 4*y - 2*y - 8. Suppose -i + 77 = -y*r, 4*i = 2*r + 25 + 241. Calculate the highest common divisor of i and 26.
13
Suppose v + 4*a - 28 = -v, -2*a = 4*v - 86. Suppose 4*k - 12 = k. Let r = -1 + k. Calculate the highest common factor of r and v.
3
Let j = -6 - -15. Suppose -j + 0 = -3*r, 2*r + 45 = 3*o. Calculate the greatest common divisor of o and 17.
17
Suppose 4*i - 185 = -3*d, -d - d + 90 = -4*i. Suppose 5*t + 3*n - 16 = 0, 2*t = 5*n + 27 - 2. Calculate the greatest common divisor of d and t.
5
Suppose -20 = 4*d, -5*x - 4*d + 5*d = -10. Suppose -s + 8 = -x. Calculate the highest common divisor of s and 3.
3
Let y be (-12)/(-3) - (2 - 0). Let w(o) = y + 2*o**2 + 3*o + o**2 - 8. Let z be w(4). What is the highest common factor of 6 and z?
6
Let x be ((-8)/(-6))/((120/27)/10). What is the highest common divisor of 3 and x?
3
Let s = -6 + 8. Calculate the greatest common factor of 14 and s.
2
Let a(w) = w**2 - w - 3. Let k be a(4). Calculate the highest common divisor of k and 18.
9
Let x = -23 + 38. What is the greatest common divisor of x and 135?
15
Suppose 6*d - 195 = 237. What is the greatest common divisor of 12 and d?
12
Let p(m) = 5*m + 2. Suppose -2*i + 2 = 3*c, -2*i + 7*i = -5*c - 5. Let q be p(c). Let a = -17 + 28. Calculate the greatest common divisor of a and q.
11
Suppose 4*q - 6 = 5*q. Let o be 8/q - 1/(-3). Let k be 8 - (1 - -1)*o. What is the highest common factor of 70 and k?
10
Suppose -z - 17 = 5*q, 0*z = -2*z - 4*q - 10. Let g be 9/(-2) - z/(-6). Let k be (-1758)/(-10) - g/20. Calculate the highest common factor of 16 and k.
16
Suppose 7*a - 1287 = -2*a. What is the greatest common divisor of a and 26?
13
Suppose 7*j = -2*j + 189. Calculate the greatest common divisor of 3 and j.
3
Let b be 2/4*2 - -2. Suppose -4*x - x = 5*i - 85, -b*x = -5*i - 11. Let q be ((-33)/11)/(1/(-8)). Calculate the greatest common factor of q and x.
12
Let p = -8 - -3. Let z = p + 10. Let i(n) = n**3 + n**2 - 1. Let r be i(3). What is the greatest common divisor of r and z?
5
Let n(v) = -9*v**3 - 7*v. Let l be n(-3). Calculate the greatest common divisor of 24 and l.
24
Let n = 29 + -15. Suppose i - 5*i + 40 = 0. Let x(y) = 2*y**2 - 14*y + 10. Let k be x(i). Calculate the greatest common factor of n and k.
14
Let y be 4/4 + 18/2. Suppose -160 = -5*k + k. Calculate the greatest common factor of k and y.
10
Let h be (0/((-2)/(-1)))/(-1). Let m = 7 - h. Suppose -5*c = 5 - 0, -2*b + 5*c = -75. What is the greatest common divisor of m and b?
7
Let l be ((0 - -1)/(-1))/(-1) + 15. What is the greatest common factor of 40 and l?
8
Let r be 48/28*70/4. Let n be -9*1*4/(-6). What is the highest common factor of n and r?
6
Let t(l) = 3*l + 1. Suppose v = -4*i + 13, -5*v + 3*v + 11 = 3*i. Let b be t(v). Calculate the greatest common factor of b and 1.
1
Let m(a) = a**2 + 3*a - 3. Let j be m(-6). Suppose 3*k = -2*k + j. Calculate the highest common divisor of 6 and k.
3
Let p be (-14)/4*(-60)/35. Suppose -g - 2*h = g - 10, 3*h + p = 0. What is the highest common factor of g and 77?
7
Let r be 91/(-5 + 12) + 0 + 1. Calculate the highest common factor of 56 and r.
14
Let c(b) = b**3 + 2 + 4 - b + 5*b**2 - b. Let i(o) = -o - 13. Let v be i(-8). Let q be c(v). Calculate the highest common factor of 176 and q.
16
Suppose 4*p - 10 = 9*p. Let x = 2 - p. Suppose -5*k = -y + 21, -3*k + 1 + 14 = 4*y. What is the highest common divisor of y and x?
2
Let b(o) = 2*o**3 - 10*o**2 + 9*o - 5. Let p be b(6). Let t be 54/15 - (-4)/10. Suppose -t*a + 55 = a. Calculate the greatest common divisor of p and a.
11
Let s = 92 + -43. Suppose p + 0*p + 5*l + s = 0, 0 = -5*p + 3*l - 385. Let n = p - -149. Calculate the highest common divisor of n and 30.
15
Suppose l = 4*i - 0*i - 34, i + 102 = -4*l. Let o = l - -33. What is the greatest common divisor of 49 and o?
7
Suppose 3*y - 2 = 2*i, 5*y - y - 41 = -5*i. Calculate the highest common divisor of 6 and y.
2
Let u be 18*4/(1 + 1). Let w be -1 + 2/(-2) - -6. Calculate the highest common factor of u and w.
4
Let q be -2*4/20*15. Let w be (-1192)/(-6) + 4/q. Let m be 18*(2/(-2) + 2). What is the highest common divisor of m and w?
18
Suppose -4*f = -n + 27, -4*f - 2 = 2. Suppose 0*l - 3*l = -207. Calculate the greatest common factor of l and n.
23
Let k = 21 + 1. Suppose 0 = -4*j + 20, 0 = -m - 0*m + 5*j - k. Suppose 2*a + 0*x + m*x - 30 = 0, 0 = -2*x + 8. What is the highest common divisor of 27 and a?
9
Suppose -5*s + 9*s = 48. What is the greatest common divisor of s and 9?
3
Let j = -67 + 79. Calculate the greatest common factor of 6 and j.
6
Let a = 93 + -72. Suppose 0*y = 4*y - 420. Calculate the highest common divisor of y and a.
21
Let o(r) = -2*r - 13. Let t be o(-14). Calculate the greatest common divisor of t and 105.
15
Suppose -2*x + x + 2*s + 16 = 0, -2*x + s + 38 = 0. What is the greatest common divisor of x and 180?
20
Suppose 0 = 2*l - l - 3. Suppose 0 = 5*g, 16 = 4*c - l*g - g. What is the highest common factor of 32 and c?
4
Let a = 7 - 3. Suppose -q = -0*h - 3*h + 19, -5*q - 78 = 2*h. Let g = q + 32. What is the greatest common factor of g and a?
4
Suppose -2*n = -5*n + 390. Suppose -n = -3*q - 2*q. Suppose 2*l + q = 90. Calculate the greatest common factor of l and 16.
16
Let p = 244 - 68. Let w(f) = f**2 + 6*f - 5. Let x be w(-9). Calculate the greatest common divisor of p and x.
22
Let a be (-8)/(-6)*(-18)/(-4). Suppose a*g - g + k - 181 = 0, 4*g + 5*k - 149 = 0. What is the greatest common factor of g and 12?
12
Let y(x) = x - 3. Let h be y(3). Suppose h*s - 40 = -4*s. Suppose 3*o - 4*r = 4*o + 4, -4 = -3*o - 4*r. What is the highest common divisor of o and s?
2
Let l(t) = t**2 - 4*t - 13. Let y be l(-5). Calculate the highest common divisor of 288 and y.
32
Let d = 11 + -7. Suppose 0 = d*w, p - w + 4 = 9. Suppose 0 = -g + 1 + p. Calculate the highest common factor of 42 and g.
6
Let k = 5 - 1. Suppose -k*h + z - 24 = 0, -5*z = -0*z - 20. Let u(c) = -c**2 - 9*c - 5. Let i be u(h). Calculate the highest common factor of 15 and i.
15
Let f(b) be the third derivative of b**5/20 + b**4/6 + 5*b**3/6 - 2*b**2. Let c be f(7). Calculate the highest common divisor of 20 and c.
20
Suppose -2*j - 2*f + 34 = -f, 5*f + 54 = 4*j. Suppose 0 = -6*u + 3*u - 4*k + 388, 4*u + 5*k - 517 = 0. What is the greatest common factor of j and u?
16
Suppose 3*o = 2*h - 7*h + 144, 3*h = -2*o + 96. Suppose 6*b - 26 - 10 = 0. What is the highest common divisor of b and o?
6
Let x be (-3 - -8) + (-2)/(-2). Calculate the highest common divisor of 4 and x.
2
Let m be 3/(-3*(-3)/12). Let h(a) = 6*a**2 - 6*a. Let x be h(m). What is the greatest common divisor of x and 12?
12
Suppose 0 = 5*b - 3*l - 150, b + 2*l + 0*l - 43 = 0. What is the greatest common divisor of 22 and b?
11
Suppose -a + 0*c - 5*c + 26 = 0, 3*a - c - 78 = 0. Calculate the greatest common factor of a and 130.
26
Suppose 0*y - 3*y = -6. Suppose -8 = 4*a - y*a - 4*k, -2*k = -4. Let w be (-3 - -19) + a/(-2). Calculate the greatest common factor of 8 and w.
8
Let b(s) = s**3. Let n be b(0). Suppose 0*a + 5*a - 59 = -2*r, n = -2*r + 5*a + 49. Calculate the greatest common factor of 9 and r.
9
Let k(o) = -5*o + 9. Let d be k(-6). Suppose 5*t - 4*p - 86 = 44, 0 = 3*t - 2*p - 78. Calculate the highest common factor of d and t.
13
Let k be 4/(-12)*-9 - (4 + -16). What is the greatest common factor of k and 75?
15
Let v(b) = -2*b + 7. Let k be v(-6). Let z(x) = x**2 + 5*x - 27. Let w be z(7). Calculate the highest common factor of k and w.
19
Suppose -1443 + 365 = -7*f. What is the highest common divisor of 14 and f?
14
Let x = -4 - 2. Let j be x/(-27) + 88/9. Let b be 4/j - 714/(-15). Calculate the greatest common divisor of b and 24.
24
Let u be -9*(2 - -2)/(-4). Calculate the greatest common divisor of 153 and u.
9
Suppose 5*n - 74 = -4*w, w + w - 5*n = 52. Calculate the highest common 